, 0 = -h*n + 5*i + 964. What is the hundreds digit of n?
2
Let y(l) = -3*l**3 - l**2 + 3*l - 2. Suppose 2*q + 0 + 6 = 0. What is the units digit of y(q)?
1
Let b = 90 - -93. What is the tens digit of b?
8
Suppose 2*a - 25 = a. Suppose i - 2*i = -3. Suppose 2*k + i = a. What is the tens digit of k?
1
Let h be (-9)/(-18)*(-2 - 0). What is the tens digit of (-3 + h)*-16 + -4?
6
Suppose 34*c = 29*c + 1050. Let r = c + -131. What is the units digit of r?
9
Let q(k) = 9*k**2 - 14*k + 74. What is the hundreds digit of q(11)?
0
Suppose 1 = -10*o + 71. Suppose -o*x + 560 = x. What is the units digit of x?
0
Suppose 2*s = 3*v - 3996, 0 = -v + 4*s - 6*s + 1332. Suppose 5*u - 1696 = 4*i, -3*u + 7*u + 3*i - v = 0. Suppose -2*j = -9*j + u. What is the units digit of j?
8
Let c(u) = 21*u - 5. Let h be c(5). Let y = 13 + h. Suppose -23 = -0*q - q - 5*l, y = 4*q - l. What is the units digit of q?
8
Let w = 0 - 11. Let x = -11 - w. Suppose -3*b + 4 + 5 = x. What is the units digit of b?
3
Let n be (0 - -5)*4/10. Suppose -4*c + 847 = y, -n*c = -3*y - 463 + 22. What is the tens digit of c?
1
Suppose 0 = -2*t + 8, 2*v - 2372 = -2*v - 5*t. Suppose 3*c = 4*x - 1171, -2*x + v = -2*c - 0*c. What is the tens digit of x?
8
Let y(j) = j**2 - 9*j - 49. What is the tens digit of y(28)?
8
Suppose r - 1943 = -4*y, 2*y - r = -6*r + 967. What is the hundreds digit of y?
4
Let w be (-1)/(-3)*-3 + 3. Let b(q) = -q - 17. Let r(a) = -4*a - 50. Let z(j) = w*r(j) - 7*b(j). What is the units digit of z(-11)?
0
Let i be (-92)/15 + (-8)/(-60). Let b be (1 + -7)*i/(-12). Let t = 18 - b. What is the tens digit of t?
2
What is the hundreds digit of (18 + -8 + -11)*-2281?
2
Let y(i) = i**2 + 23*i - 27. Let c be y(15). Let b = c + -360. What is the units digit of b?
3
Let c = -10 + 11. Let h = 8 - c. Suppose 5*f - 3 = h. What is the units digit of f?
2
Let k = -1405 - -2754. What is the tens digit of k?
4
Let o(g) = g**3 - 11*g**2 + 13*g - 41. What is the thousands digit of o(15)?
1
Let d(m) be the first derivative of m**4/4 + 2*m**3/3 - 18*m**2 - 4*m + 49. What is the tens digit of d(6)?
6
Suppose -3*q + 367 = -2*i, 3*i + 615 - 4 = 5*q. Suppose 2*g - 41 = q. What is the units digit of g?
1
Let a(f) = 6*f**2 + f + 1. Let n be a(-1). Suppose n*b - 24 = 5*b. Let z = 32 - b. What is the units digit of z?
8
Let j = 1440 - 1188. What is the units digit of j?
2
Let r(t) be the second derivative of t**5/20 - 5*t**4/6 + 4*t**3/3 - 3*t**2 + 7*t. Let b be r(9). Let p(i) = i + 16. What is the units digit of p(b)?
1
Suppose 62*b + 28120 = 81*b. What is the tens digit of b?
8
Suppose 6*w = 5*w. Suppose 4 = 3*n - 2, -z - 4*n + 22 = w. What is the units digit of (-7)/(z/(-40)) - 0?
0
Suppose 1431 = 3*k + 2*o - 5*o, -2353 = -5*k - 3*o. Suppose q - 5*q + 360 = 3*a, k = 5*q - 2*a. What is the units digit of q?
3
Let l(o) = o**3 + 9*o**2 + 13. Let f be l(-9). Let i = f - 9. Suppose k - i = 5*a + 1, a = 3*k - 71. What is the units digit of k?
5
Let o(h) = -5*h + 105. Let i(n) = n - 21. Let s(v) = -11*i(v) - 2*o(v). Suppose 31*j - 20*j + 110 = 0. What is the tens digit of s(j)?
3
Suppose -2*l + 0*c - 581 = -5*c, 0 = -4*l + 4*c - 1180. Let x = -162 - l. Let w = x - 82. What is the units digit of w?
4
Let h be (0 + -3)/(3/(-2)). Let z(n) = -2*n**2 + 46*n + 5. Let o be z(23). Suppose h*j = 3*j - o. What is the units digit of j?
5
Suppose 3*f + 3*q - 9 = 6*f, 5*f + 5*q + 45 = 0. Let j be ((-234)/15)/((-12)/40). What is the tens digit of 2093/j - f/8?
4
Let t(v) = 3*v**2 + 2*v + 56. What is the tens digit of t(-23)?
9
Suppose 4860 = 27*l - 9*l. What is the units digit of l?
0
Suppose 2*y - 975 = y. Suppose 4*b - 1128 = 3*t + 165, -y = -3*b - 3*t. What is the tens digit of b?
2
Let i = -2736 + 5695. What is the tens digit of i?
5
What is the units digit of 172/(-258)*(-5067)/2?
9
Let g = 30 + -10. Let w be (4 + 1)*36/g. What is the units digit of 3*(2 + 66/w)?
8
Let i(u) be the first derivative of -u**2/2 + 17*u + 1. Suppose 37*s = 35*s - 24. What is the units digit of i(s)?
9
Let a be (-12)/(-9)*3 - -18. Let p be (-598)/(-6) - 18/(-54). What is the units digit of ((-11)/a)/((-1)/p)?
0
Let v(g) = -26*g**3 + g. Suppose -z + 4 = -3. Let w be 1/z - (-24)/(-21). What is the tens digit of v(w)?
2
Let o(m) = 2*m**2 - 3*m + 4. Let u(t) = t**2 - 5*t + 2. Let n be u(5). Suppose 2 = -n*k + 8. What is the tens digit of o(k)?
1
Suppose 0 = 5*g + 7 - 17, 3*g = -3*r + 5604. What is the thousands digit of r?
1
Suppose -72*x + 67095 = -42489. What is the thousands digit of x?
1
Let z(l) = l**3 + 5*l**2 - 8*l - 4. Suppose -30 = -v + 4*v. Let t = v - -5. What is the tens digit of z(t)?
3
Let d(g) = 7*g**2 - 4*g - 6. Let c be (-5)/(20/(-16)) + 0. What is the units digit of d(c)?
0
Let q be ((-5)/(-2))/(2/32). Suppose q + 22 = u. What is the tens digit of u?
6
Let n = -10 - -8. Let s be -2 + 0 - (n + 1). What is the units digit of (-4 - -23) + (1 - s)?
1
Let y be (-2)/((2/(-22))/1). Suppose -4*o + y = -10. Let d = o + -1. What is the units digit of d?
7
Let j be (-4)/18 + (-174)/(-54). Suppose j*k + 228 = 4*q, -3*k - 1 = -13. Suppose t - 4*t = -q. What is the tens digit of t?
2
Let p(h) = h**3 - 4*h**2 - 4*h + 7. Let o be p(5). Let y be 8 + 1 + o/(-3). Suppose i - y = -g + 5, -4*g - 5*i + 43 = 0. What is the units digit of g?
7
Let s(w) = -7*w**3 - 9*w**2 - 3*w + 9. What is the tens digit of s(-5)?
7
Suppose 5*w = -2*x + 678, 0 = -3*w - x + 4*x + 411. What is the tens digit of w?
3
Let x(w) = w**2 - w + 64. What is the units digit of x(-6)?
6
Suppose 17*b - 1309 = 10*b. What is the units digit of b?
7
Let l be ((-34)/(-4) - 2)*12. Let y(k) = -2*k**2 - 40*k + 43. Let d be y(-21). Suppose d = i - l. What is the units digit of i?
9
Let t(j) = 8*j**2 - 26*j - 264. What is the thousands digit of t(-13)?
1
Suppose 13 = 2*u - 3. Suppose 0 = -g - s + 5*s + u, -4*g = 2*s - 14. Suppose 4*p = -3*k + 151 - 32, k - g*p = 61. What is the units digit of k?
5
Let m be 1/(1/(1536/3076) + -2). Let x = m + -228. What is the hundreds digit of x?
1
What is the hundreds digit of 6 - (-22)/(-2) - -188?
1
Let y = -298 - -935. Suppose 53 + y = 5*z - 5*p, -4*z - 2*p + 582 = 0. What is the units digit of z?
3
Suppose r - 14 = 5*s + 1, 2*r - 2*s - 6 = 0. Let q(k) = -k**2 - 2*k + 215. What is the units digit of q(r)?
5
Suppose -s + 4*a = -3*s + 46, 0 = 5*s - 4*a - 143. Let i = -24 + s. What is the units digit of i?
3
Let w be 2/12*39*-2. Let x = w + 39. Let l = x - -5. What is the tens digit of l?
3
What is the tens digit of 5 + (-5)/(5/(-49))?
5
Let z(m) = -3*m**2 - 3*m + 3 + 8*m**2 - 1. Let u be z(2). Suppose u = w - 8. What is the tens digit of w?
2
Let i = 13 - 10. Suppose 3 = 3*j, i*w - 62 = 2*j - 7*j. Let r = -16 + w. What is the units digit of r?
3
Let d(l) be the third derivative of -53*l**4/24 + l**3 + 20*l**2. What is the units digit of d(-2)?
2
Let t(n) = 13*n**2 + 1. Let u(o) = 2*o - 1 + o + 5. Let f be u(-2). What is the units digit of t(f)?
3
Let q(r) = -r**2 - 5*r. Let a be q(-5). What is the units digit of 2 - (-2 + a) - -81?
5
Let y(m) = -38*m + 263. What is the tens digit of y(-14)?
9
Let f(i) = i**2 - 9*i - 6. Let v be f(10). What is the units digit of 27 - (4 - v)/3?
7
Let o(t) = -9*t**2 - 2*t. Let m be o(-2). Suppose -6*n = -23*n + 884. Let k = m + n. What is the units digit of k?
0
Suppose -2*q - x = -67, 4*q - 4*x = -0*q + 128. Let p = q + -20. What is the units digit of p?
3
Suppose 0 = 2*y + 3*g - 7*g - 948, -2*y + 947 = -5*g. What is the units digit of y?
6
Suppose -223*s = -227*s + 4644. What is the thousands digit of s?
1
Let d(s) = 5*s**2 + 3 - 4 - 3 + 2*s - s**3. Let v(j) = j**3 + 10*j**2 + j + 7. Let w be v(-10). What is the tens digit of d(w)?
6
What is the hundreds digit of -2 + (780 - 2) + -5?
7
What is the hundreds digit of 429/9*(-936)/(-24)?
8
Let d(l) be the second derivative of 1/20*l**5 - 4*l + 2/3*l**3 + 7/12*l**4 + 0 - 4*l**2. What is the units digit of d(-6)?
4
Suppose 2*h + 3 = 7. What is the units digit of ((-1182)/(-8) - 6/(-24))/h?
4
Let w(c) = -6*c**3 - c**2. Let i be w(-1). Let q = 28 + i. What is the tens digit of q?
3
Suppose 249 = -3*u + 639. Let v = 241 - u. What is the tens digit of v?
1
Let s(x) = -5*x - 6. Suppose -54 = -7*d + 9*d. What is the tens digit of s(d)?
2
Suppose 23*z = 1084 + 1584. What is the 